 n and d.
4
Let s(p) = 2*p**3 - 1. Let b be 3/6*-2 + 2. Let f be s(b). Calculate the highest common divisor of 7 and f.
1
Let p be (-2)/5 + (-16)/(-40). Suppose 3*m + 19 = 2*i + 6, p = 4*i + m - 5. What is the highest common divisor of 5 and i?
1
Let m be -3 - -6 - (1 + 0). Suppose -2*d - 3*o - 11 = 0, -m*d + 3*d = 3*o + 17. Let b be 112/2 + (-4)/d. What is the greatest common divisor of b and 6?
6
Let x = 165 - -99. Let h(v) = -23*v**3 - 2*v - 1. Let m be h(-1). What is the highest common factor of m and x?
24
Suppose 0 = -7*p + p + 36. What is the highest common factor of p and 6?
6
Let k = 2 - 0. Suppose 0 = k*o + 5 - 11. Suppose -u + 3 = -o. What is the highest common divisor of 15 and u?
3
Let r(m) = -7 - 2*m + 9 + 3*m + 5. Let x be r(-5). What is the greatest common divisor of x and 10?
2
Suppose -3*f = f - 640. Calculate the greatest common divisor of f and 32.
32
Let h be ((-21)/2)/(11/(-22)). Let p(j) = j + 9. Let d be p(-6). What is the highest common factor of h and d?
3
Let f = 20 - -8. Suppose 3*g = -q + 38, 4*g - f = g + q. Let s = -46 + 134. Calculate the greatest common factor of s and g.
11
Suppose 4*p = -2*g + 60, 2*g - 2*p - 64 = -7*p. Calculate the greatest common factor of g and 88.
22
Let q(d) = -d**2 + 14*d - 4. Let v be q(7). Suppose -11 - 9 = -4*f. What is the highest common divisor of v and f?
5
Let l = 323 + -191. What is the greatest common divisor of 12 and l?
12
Let f(u) = -u**2 + 3*u + 3. Let c be f(3). Let r = c - -6. Let q be r/2*12/9. What is the greatest common divisor of 48 and q?
6
Suppose 328 = 8*u - 128. Calculate the greatest common factor of u and 95.
19
Let y(k) = -2*k**2 - 12*k - 2. Let s be y(-5). What is the greatest common factor of s and 64?
8
Let q(g) = 5*g**2 + g - 1. Let v be q(1). Suppose -3*y = -v*l + 480, 0 = -3*y - 2*y. Suppose -4*s = -7 - 41. Calculate the greatest common divisor of s and l.
12
Let s(i) = -15*i + 2. Let n be s(2). Let k be n/(-8) - 9/6. Suppose b + k*z + 179 = 2*b, 5*z = 25. Calculate the highest common divisor of b and 21.
21
Suppose 7*h - 12 = 3*h, -2*n + 4*h + 6 = 0. Calculate the greatest common divisor of 36 and n.
9
Let m be 21/4 - 2/8. Suppose -m*v + 3 = -2*v. Let h be (-3 + v)/(2/(-4)). What is the highest common divisor of 28 and h?
4
Suppose 2*h = -2*h. Suppose -l = -h*l - 2. Suppose 25 - 127 = -l*r. What is the highest common divisor of 34 and r?
17
Let g be 1/(1 - 14/16). Let y(m) = m**2 + 6*m - 6. Let r be y(-6). Let w be r/27*6*-24. Calculate the highest common divisor of g and w.
8
Let g be (14/6)/((-1)/(-15)). What is the highest common divisor of g and 35?
35
Let y be ((-44)/(-10))/(22/110). Calculate the highest common divisor of 11 and y.
11
Let b(z) = -z + 10. Let p be b(0). Let x(i) = -2*i + 17. Let a be x(8). Calculate the highest common divisor of p and a.
1
Let p(w) = 2*w**2 + 2*w - 1. Let l be p(-2). What is the greatest common factor of l and 3?
3
Let n be (-52)/(-20) - (-6)/(-10). Suppose 4*z - 216 = n*z. Let w be (14/(-6))/((-6)/z). Calculate the highest common factor of w and 28.
14
Let r(k) = -k**2. Let x(m) = 6*m**2 + 2*m + 8. Let p(w) = -8*r(w) - x(w). Let v be p(7). What is the highest common divisor of v and 19?
19
Let q(d) = -12*d - 10. Let p(x) = x + 1. Let n(v) = 6*p(v) + q(v). Let z be n(-6). Calculate the highest common factor of 8 and z.
8
Let s be (1 - 2)*(3 + -9). Let q(u) = u + 3. Let x be q(-3). Suppose 5*h + x*h - 2*p = 276, h = -4*p + 42. What is the greatest common factor of s and h?
6
Let v be (-6*(-3)/6)/3*24. Calculate the greatest common factor of v and 18.
6
Let q be -8*(-30 + 0 + -1). What is the highest common divisor of 31 and q?
31
Suppose 11*c = 12*c - 72. What is the greatest common factor of 9 and c?
9
Suppose j = 3 + 5. Let x(t) = -t**3 - 6*t**2 - 7*t - 2. Let d be x(-5). Calculate the greatest common divisor of d and j.
8
Suppose 0*j - 3*v - 55 = -5*j, -4*v = -3*j + 44. Suppose 4 = 5*c - 6. Calculate the highest common factor of c and j.
2
Let l(f) = f - 12. Let j be l(7). Let i = j - -13. Let t(k) = -k**2 + 10*k - 6. Let c be t(i). Calculate the highest common divisor of 30 and c.
10
Suppose 1 + 3 = -2*m - 5*z, 0 = 4*m - 5*z - 22. Suppose -a - i + 20 + 3 = 0, 0 = -m*i - 3. What is the greatest common divisor of a and 240?
24
Let f(j) = -j - 1. Let b(k) = k - 1. Let d be b(-3). Let m be f(d). Suppose 0 = -5*c - 15, -49 = -6*g + g + m*c. Calculate the highest common factor of 4 and g.
4
Let d(t) = -t**2 + 5*t + 14. Let k(w) = w**2 - 4*w - 13. Let p(q) = 3*d(q) + 4*k(q). Let f be p(-10). What is the greatest common divisor of f and 20?
20
Let c = 37 - 32. Calculate the highest common factor of 5 and c.
5
Let c be 4/(-6) + (-1755)/(-81). What is the highest common factor of 7 and c?
7
Let b = 11 + -20. Let z be b/2*8/(-6). Let t = 4 + 2. Calculate the greatest common factor of t and z.
6
Suppose 3*f + 0*t = 3*t + 6, -2*f - 5*t + 25 = 0. Let u be 33 - ((0 - 1) + -1). What is the greatest common factor of f and u?
5
Let h be (-957)/(-7) - 10/(-35). Let t = h - 97. Calculate the highest common divisor of t and 5.
5
Let r = -76 + 120. Let z = 4 - -7. Calculate the greatest common divisor of z and r.
11
Let l(m) = m**3 + m + 2. Let q be l(2). What is the greatest common divisor of 16 and q?
4
Let z(a) = 14*a. Let p be z(1). Suppose k + 4 = -5*o, -6*o + p = 4*k - o. Let d(t) = 16*t + 3. Let l be d(k). Calculate the greatest common divisor of 9 and l.
9
Let l(g) = 5*g**2 - 1. Let d be l(3). Suppose -264 = 5*b - d. Let s = b - -86. Calculate the greatest common factor of 14 and s.
14
Suppose 2*t - 30 - 26 = 0. What is the greatest common divisor of t and 84?
28
Let z = 10 - -11. Calculate the greatest common factor of 105 and z.
21
Let h = 46 - 31. What is the greatest common factor of 30 and h?
15
Suppose q - 5 = -3. What is the greatest common factor of 2 and q?
2
Let c = 27 + 3. What is the greatest common factor of c and 20?
10
Suppose -r = -2 - 1, 5*m - 2*r = 64. Suppose -4 = 5*g - m. Suppose 0 = -6*b + b + 30. What is the highest common factor of b and g?
2
Suppose 135 = -8*a + 159. Let x be (-7 - -1)/((-2)/11). What is the highest common factor of x and a?
3
Suppose r - 2*y = 6*r - 602, 0 = -r + 3*y + 117. Suppose 3*z - 31 = 41. Calculate the greatest common divisor of z and r.
24
Let w = -8 - -18. What is the greatest common factor of w and 110?
10
Let j(h) = h**3 - 3*h**2 + h - 2. Let q be j(4). Calculate the highest common divisor of 9 and q.
9
Suppose -13 = 5*i + 42. Let j = i - -21. Suppose -2*v + 62 = 22. Calculate the greatest common factor of v and j.
10
Let c(w) = 7*w + 1. Let y be c(3). Suppose -3*g = -y - 53. Calculate the greatest common divisor of 50 and g.
25
Suppose -2*u + 5*g + 95 = -u, u - 2*g = 86. Let h = 8 - 14. Let a be h/(-9) + 188/6. What is the greatest common factor of u and a?
16
Let n be (9 - 8)*(-20)/(-1). What is the greatest common factor of n and 5?
5
Suppose 300 = 4*z - 5*v, -3*z + 2*v + 16 + 209 = 0. Let i = -9 + 24. What is the greatest common divisor of i and z?
15
Let k(w) = w**2 + 2*w - 12. Let t be k(-9). Let n = -29 + t. Calculate the highest common factor of 11 and n.
11
Let v(r) = -r**3 - 9*r**2 + 8*r + 18. Let i be v(-10). What is the highest common factor of 38 and i?
38
Suppose -81 = -g + 2*a - 0*a, -312 = -4*g - 4*a. Let y = g - 46. What is the highest common divisor of 3 and y?
3
Let h = -60 - -116. Suppose 0 = k - 0 - 8. Calculate the greatest common divisor of k and h.
8
Let c(l) be the first derivative of l**3/3 - l**2/2 + 2*l + 3. Let h be c(-5). Calculate the highest common factor of h and 16.
16
Suppose 5*l + 212 = 3*z, -2*l + 172 = 3*z - 12. Calculate the highest common factor of z and 16.
16
Suppose -4*w - f - 2 = -39, 3*f = 5*w - 25. Calculate the greatest common factor of 136 and w.
8
Let l(z) = z**2 + z - 4. Let y be l(-3). What is the greatest common factor of 6 and y?
2
Let a(d) = d - 9. Let l be a(0). Let c be (-1*4)/(6/l). Suppose -3*x + c*x - 150 = 0. What is the greatest common factor of x and 20?
10
Let g(y) = 2*y**3 + 3*y**3 + 2 - 6*y**3. Let l be g(0). Let t(j) = j**2 + 2*j + 3. Let s be t(-5). What is the greatest common divisor of l and s?
2
Let z be 32/18 + (-4)/(-18). Suppose -2*g - z*g = -16. What is the greatest common factor of g and 20?
4
